erivative of -j**6/120 + j**5/30 - j**3/6 + 5*j**2. Calculate h(y).
-10
Suppose -7*c + 25 = -2*c. Let q(g) = -g + 8. Let o(k) = -5*k + 37. Let j(v) = o(v) - 4*q(v). Calculate j(c).
0
Suppose f + 2*f = -6*f. Suppose 5*h + 4*o - 21 = 3*o, 3*o - 3 = f. Let x(m) = 2*m + 1. Determine x(h).
9
Let o(k) be the second derivative of -5*k**4/4 + k**3/3 - k**2/2 - 89*k. What is o(1)?
-14
Suppose 3*r = 2*r - 13. Let x = r + 9. Let q(v) = -v - 2. Calculate q(x).
2
Let i(b) be the third derivative of -b**6/120 + 11*b**5/60 + b**4/12 - 25*b**3/6 + 13*b**2. Let l be i(11). Let q(g) = -g**3 - 4*g**2 - 4*g - 3. Give q(l).
0
Let y(i) be the second derivative of i**3/6 - i**2 - 125*i. Give y(3).
1
Let p be -2 - ((-1)/3 + 92/(-12)). Let y(t) = t**3 - t**2 + 12*t - 2. Let q(r) = -r**3 - 13*r + 3. Let w(h) = 6*q(h) + 7*y(h). Calculate w(p).
4
Let u(o) = -4*o**2 + 15*o + 5. Let l(j) = -9*j**2 + 30*j + 14. Let k(t) = 2*l(t) - 5*u(t). Determine k(7).
-4
Let h(n) = -3*n - 8. Let a(d) = -5*d**2 - 7*d - 2. Let f(j) = -21*j**2 - 27*j - 9. Let o(z) = -9*a(z) + 2*f(z). Let b be o(-2). What is h(b)?
10
Let n(h) = -26*h**2 - 37*h**2 - 4*h + 62*h**2 - 3*h. What is n(-8)?
-8
Let q(f) = -5*f**2 + 2. Let m(o) = -6*o**2 + o + 3. Let z(a) = -3*m(a) + 4*q(a). Suppose u - 9 + 4 = 0. Suppose 0 = u*n - 12 + 27. Give z(n).
-10
Suppose -2*h + 5*h = 0. Suppose -8*g + 2*g = h. Suppose -3 = -3*s - 0, g = 4*u - 2*s - 30. Let j(m) = m - 1. Give j(u).
7
Suppose 8*b = b - 77. Let p(z) = z + 6. What is p(b)?
-5
Let m(y) = -y + 6. Let o(s) = -s + 8. Let u(q) = 4*m(q) - 5*o(q). Determine u(10).
-6
Let y(i) = -2 - 1 + 6*i - i**2 - 4*i - 13*i + i. Give y(-7).
18
Suppose 4*x - 462 = -7*x. Let j(n) = 22 + 25 - x - 6*n + n**2. Determine j(6).
5
Let t(b) = 4*b + 7. Let m(z) = -5. Let u(k) = -k - 10. Let a(f) = 10*m(f) - 6*u(f). Let j(w) = 5*a(w) - 7*t(w). Give j(-8).
-15
Let l(x) = -3*x - 50. Suppose -10*k - 11*k = 336. What is l(k)?
-2
Let q(y) = 5*y - 265. Let t be q(53). Let o(k) = k + 0*k - 3 + k - k - k**2. What is o(t)?
-3
Suppose 5*p = -5*z, -p - 4*p + 4*z - 27 = 0. Let q(s) = 2*s**2 + 4*s - 1. Calculate q(p).
5
Suppose -4*i = -3*i + 3*b - 9, -5*b = 5*i - 5. Let n be i*1/((-6)/(-8)). Let p(x) = -30617 + x + 30613 + x**2 + 2*x. Determine p(n).
0
Let o(p) = 4*p + 13. Let h(m) = m + 3. Let v(s) = 18*h(s) - 4*o(s). Suppose 2*r - b = b + 2, -3*b + 9 = 3*r. Suppose 4 = -k + r. Calculate v(k).
-2
Let h be 2/(-6) - (-28)/(-6). Let u(b) be the second derivative of b**5/20 + 5*b**4/12 + b**3/6 + 7*b**2/2 - 30*b - 2. Give u(h).
2
Let f = 76 - 83. Let q(o) = -2*o - 2. Determine q(f).
12
Suppose -6 = j - 0*j. Suppose -4*d = 1 + 7. Let f(s) = -22*s. Let t(z) = -5*z. Let g(m) = d*f(m) + 9*t(m). What is g(j)?
6
Let f(y) = -30*y**2 + 5*y - 31*y**2 + 62*y**2 - 1. Calculate f(-7).
13
Let t(u) = 125 - 18*u + 11*u - 121. Calculate t(3).
-17
Let q(s) = s**3 - 5*s**2 + s. Let r = 25 + -16. Let w(i) = i**3 - 4*i**2 + 4*i - 2. Let g be w(4). Let f = g - r. Calculate q(f).
5
Suppose -3 + 8 = o. Let l(u) = -o + 0 + 7 + 3*u. Give l(-2).
-4
Let y(w) be the first derivative of 0*w**2 - 12*w**2 + 3*w**2 + 2*w - 12 + 8*w**2. What is y(1)?
0
Let t be (8/(-10))/((2/(-5))/2). Let n(g) = g + 8*g**2 - t*g**2 + 2 + 0 - 5*g**2. Give n(3).
-4
Let q(d) = d**3 - d**2 + 2. Let m = 6 - 4. Suppose 12 = -m*c + 5*c. Suppose 0 = -0*v + c*v - 8. Determine q(v).
6
Let i(o) = 5*o - 78. Let q be i(17). Let t(x) = 0*x - 3 + x + 2. Let c(z) = -z + 1. Let g(n) = q*t(n) + 6*c(n). Determine g(0).
-1
Let a(n) = -n**3 - 9*n**2 + 12. Let u = 24 - -23. Suppose 2 = 5*t + u. Give a(t).
12
Let g(a) = -7*a + 1. Let p(h) = 8*h + 2. Let d(w) = -6*g(w) - 5*p(w). Determine d(11).
6
Let a(r) = -r**3 - 5*r**2 - 3*r + 4. Let x(c) be the first derivative of -c**4/4 + 3*c**3 - 4*c**2 - 3*c - 1. Let n = -361 + 369. Let g be x(n). What is a(g)?
-5
Let t(y) = -4*y**3 + 8*y**2 - y - 9. Let d(h) = 11*h**3 - 25*h**2 + 3*h + 27. Let b(f) = 3*d(f) + 8*t(f). Determine b(11).
20
Let x = 45 + -118. Let q = 67 + x. Let j(c) = c**2 + 5*c + 2. Give j(q).
8
Suppose 3*w + 4*l - 35 = 0, -w - 5*l = -0*w - 30. Let z(m) = 2 - 3*m + 2*m - 2 + w. Calculate z(-5).
10
Let q(g) be the third derivative of g**6/60 - g**5/30 + g**4/12 - g**3/2 + 2*g**2. Let r = 19 - 15. Suppose -3 + 11 = -2*a + r*s, -s + 3 = 0. What is q(a)?
9
Let l(b) = 3*b**2 + 0*b**2 - 10*b - 13 + b + 20. What is l(3)?
7
Let f(x) be the first derivative of x**4/2 - x**2 + 3*x + 1. Determine f(2).
15
Let w be 6/(-4)*(-84)/63. Let t(y) = 10*y - 3*y**2 - 9 + 4*y**w - 2*y - 2*y**2. Determine t(6).
3
Let l(r) = 0*r - 1437 + 6*r + 1430. Determine l(1).
-1
Suppose 9 - 21 = -2*n. Suppose n = -f + 10. Suppose -b = -5, -26 = 2*i - 4*b - f. Let a(k) = k**3 + k + 1. Calculate a(i).
-1
Let r(g) = -g**3 - 7*g**2 - 2*g - 6. Let l(m) = m**3 - 27*m**2 - 28*m - 1. Let b be l(28). Let y be -21*(20/15 - (0 - b)). Determine r(y).
8
Let s be 0 - ((-3 - -1) + -4). Let d(a) = -a**3 + 6*a**2 - 2*a + 2. Determine d(s).
-10
Let t(b) be the second derivative of b**4/12 - 7*b**3/6 + b**2/2 - 493*b. Let a be (-30)/(-2)*2/6. Determine t(a).
-9
Let x(s) = -31*s**3 - 4*s**2 - 10*s + 39. Let v(n) = 9*n**3 + n**2 + 3*n - 13. Let i(l) = 7*v(l) + 2*x(l). Let t be -3 - (1 - 20/5). Give i(t).
-13
Let k(z) = 263*z - 523*z + z**2 + z**2 + 261*z. What is k(3)?
21
Suppose -24*x + 30*x - 96 = 0. Let l(v) = v**3 - 17*v**2 + 15*v + 21. What is l(x)?
5
Let o(z) = -z**2 - z - 1. Let u(i) = 7*i**2 + i + 8. Let t be (-10)/35 - 44/(-7). Let q(s) = t*o(s) + u(s). Let d be (-2)/16 - 66/(-16). What is q(d)?
-2
Let g(u) = u - 6*u**2 - u**2 - 2*u**2 - 9*u**2. Suppose -t + 2*c + 11 = -3*c, -4*c - 5 = 3*t. What is g(t)?
-17
Suppose -4*t - i = -2*i + 21, -4*t - 1 = 3*i. Let s(o) = -o**3 - 2*o**2 + 6*o + 3. Calculate s(t).
11
Let t(x) = 6 - 1 - 5*x + 20*x - 4*x - 10*x. Let a(m) = -m**2 + 4*m. Let u be a(5). What is t(u)?
0
Let b(l) be the second derivative of 7*l**5/20 - 18*l - 2. Suppose 3*s + 13 = 4*v, -10 = -v + 5*s + 6. Determine b(v).
7
Let p(h) be the first derivative of h**4/12 + 2*h**3/3 - h**2 - h - 36. Let m(y) be the first derivative of p(y). Calculate m(-4).
-2
Suppose 5*b + 5 = -4*u + 2, -3*u = -b - 12. Let f(q) = -q**3 + 2*q**2 + 5*q - 2. Give f(u).
4
Let l(z) = z**3 - 2*z**2 - 5*z + 3. Suppose -5*f + 5*m = -20, -3*f - f = -m - 22. Suppose -3*h + h = -f. Calculate l(h).
-3
Let p(m) be the third derivative of -m**6/30 - m**3/6 - m**2. Let c(h) = -h + 6. Let w(f) = -f**2 - 7*f + 5. Let d be w(-7). Let y be c(d). What is p(y)?
-5
Let u be ((-8)/2)/(80/(-60)). Let l(t) = 6 - 40*t**u - 5*t + 16*t**3 + 15*t**3 + 5*t**2 + 8*t**3. Determine l(4).
2
Let x(g) = -2*g - 9. Let w(o) = o + 4. Let f(n) = n**2 - 11*n - 16. Let a be f(12). Let m(u) = a*x(u) - 9*w(u). Suppose 6 = -6*t + 3*t. What is m(t)?
2
Let t(y) be the third derivative of y**5/60 + y**4/2 + 5*y**3/3 - 2*y**2 + 20*y. Determine t(-11).
-1
Let f(y) be the second derivative of -5*y**4/12 - y**3/2 - y**2/2 - 3*y. Suppose 3*h = -4*m - 342, m - 4*h + 244 = -2*m. Let s = m + 82. What is f(s)?
-15
Let m(w) be the third derivative of w**4/8 - 8*w**3/3 - 48*w**2 + 2. Calculate m(9).
11
Let b(a) = -a**3 - 6*a**2 - 5*a - 7. Let i = -89 - -84. What is b(i)?
-7
Let b(v) = -587*v**2 - 8*v + 2 + 292*v**2 - 3 + 294*v**2. Give b(-6).
11
Let n = 41 + -70. Suppose 2*d = 3*f - 21 - 28, 3*d + 75 = 3*f. Let i = d - n. Let l(r) = r**2 - 2*r + 3. Give l(i).
6
Let k(l) be the third derivative of 1/120*l**6 - 7/60*l**5 - 2/3*l**3 + l**2 + 1/3*l**4 + 0 + 0*l. Let j = 171 - 165. Calculate k(j).
8
Let x(l) = -5*l - 4. Suppose 0 = 3*b - 17*m + 14*m, -4*m + 4 = -5*b. What is x(b)?
16
Let j(i) = -3*i**2 - 1. Suppose 0 = 3*o - 8*o - 25. Let x = 9 + o. Suppose 7*u - x = 3*u. Determine j(u).
-4
Let k = 30 - 26. Let o(s) = 11*s**3 - 4 - k*s**2 - s**2 - 5*s - 12*s**3. Give o(-3).
-7
Suppose 44 - 48 = 4*j - h, 0 = 5*j - h + 4. Let s(i) = -i - 5. Give s(j).
-5
Let o(l) = -21*l**2 - 13*l - 19*l**2 - 14 + 28*l**2 - l**3. Calculate o(-11).
8
Let w(m) = m**3 + 14*m**2 + 5*m + 4. Let f(r) = 3*r**3 + 41*r**2 + 16*r + 12. Let s(k) = 4*f(k) - 11*w(k). Suppose 2*b = -b - p - 32, 2*b - 2*p = -8. Give s(b).
4
Suppose -4*n - 18 = 5*o, 3*n + 99 = 2*o + 97. Let s(h) = 8*h + 12. What is s(o)?
-4
Let k(n) = 12*n + 14. Let w(i) = -6*i - 8. Let h(z) = -3*k(z) - 5*w(z). Dete